[INFO] cloning repository https://github.com/psychonautwiki/artemis
[INFO] running `Command { std: "git" "-c" "credential.helper=" "-c" "credential.helper=/workspace/cargo-home/bin/git-credential-null" "clone" "--bare" "https://github.com/psychonautwiki/artemis" "/workspace/cache/git-repos/https%3A%2F%2Fgithub.com%2Fpsychonautwiki%2Fartemis", kill_on_drop: false }`
[INFO] [stderr] Cloning into bare repository '/workspace/cache/git-repos/https%3A%2F%2Fgithub.com%2Fpsychonautwiki%2Fartemis'...
[INFO] running `Command { std: "git" "rev-parse" "HEAD", kill_on_drop: false }`
[INFO] [stdout] a932403f04dd01d87d05f56b10da5fa094c6b838
[INFO] checking psychonautwiki/artemis against master#cfbc6d4cf1acbac5c025acf8ed68929caa551df3 for pr-75494-beta
[INFO] running `Command { std: "git" "clone" "/workspace/cache/git-repos/https%3A%2F%2Fgithub.com%2Fpsychonautwiki%2Fartemis" "/workspace/builds/worker-8/source", kill_on_drop: false }`
[INFO] [stderr] Cloning into '/workspace/builds/worker-8/source'...
[INFO] [stderr] done.
[INFO] validating manifest of git repo https://github.com/psychonautwiki/artemis on toolchain cfbc6d4cf1acbac5c025acf8ed68929caa551df3
[INFO] running `Command { std: "/workspace/cargo-home/bin/cargo" "+cfbc6d4cf1acbac5c025acf8ed68929caa551df3" "read-manifest" "--manifest-path" "Cargo.toml", kill_on_drop: false }`
[INFO] started tweaking git repo https://github.com/psychonautwiki/artemis
[INFO] removed path dependency telegram-bot from git repo https://github.com/psychonautwiki/artemis
[INFO] removed path dependency telegram-bot-raw from git repo https://github.com/psychonautwiki/artemis
[INFO] finished tweaking git repo https://github.com/psychonautwiki/artemis
[INFO] tweaked toml for git repo https://github.com/psychonautwiki/artemis written to /workspace/builds/worker-8/source/Cargo.toml
[INFO] crate git repo https://github.com/psychonautwiki/artemis already has a lockfile, it will not be regenerated
[INFO] running `Command { std: "/workspace/cargo-home/bin/cargo" "+cfbc6d4cf1acbac5c025acf8ed68929caa551df3" "fetch" "--locked" "--manifest-path" "Cargo.toml", kill_on_drop: false }`
[INFO] [stderr] warning: dependency (telegram-bot) specified without providing a local path, Git repository, or version to use. This will be considered an error in future versions
[INFO] [stderr] warning: dependency (telegram-bot-raw) specified without providing a local path, Git repository, or version to use. This will be considered an error in future versions
[INFO] [stderr] warning: unused manifest key: profile.release.codegen-utis
[INFO] [stderr]     Updating crates.io index
[INFO] [stderr] error: the lock file /workspace/builds/worker-8/source/Cargo.lock needs to be updated but --locked was passed to prevent this
[INFO] [stderr] If you want to try to generate the lock file without accessing the network, use the --offline flag.
[INFO] the lockfile is outdated, regenerating it
[INFO] running `Command { std: "/workspace/cargo-home/bin/cargo" "+cfbc6d4cf1acbac5c025acf8ed68929caa551df3" "generate-lockfile" "--manifest-path" "Cargo.toml" "-Zno-index-update", kill_on_drop: false }`
[INFO] running `Command { std: "/workspace/cargo-home/bin/cargo" "+cfbc6d4cf1acbac5c025acf8ed68929caa551df3" "fetch" "--locked" "--manifest-path" "Cargo.toml", kill_on_drop: false }`
[INFO] [stderr] warning: dependency (telegram-bot) specified without providing a local path, Git repository, or version to use. This will be considered an error in future versions
[INFO] [stderr] warning: dependency (telegram-bot-raw) specified without providing a local path, Git repository, or version to use. This will be considered an error in future versions
[INFO] [stderr] warning: unused manifest key: profile.release.codegen-utis
[INFO] [stderr]  Downloading crates ...
[INFO] [stderr]   Downloaded telegram-bot v0.7.0
[INFO] [stderr]   Downloaded telegram-bot-raw v0.7.0
[INFO] running `Command { std: "docker" "create" "-v" "/var/lib/crater-agent-workspace/builds/worker-8/target:/opt/rustwide/target:rw,Z" "-v" "/var/lib/crater-agent-workspace/builds/worker-8/source:/opt/rustwide/workdir:ro,Z" "-v" "/var/lib/crater-agent-workspace/cargo-home:/opt/rustwide/cargo-home:ro,Z" "-v" "/var/lib/crater-agent-workspace/rustup-home:/opt/rustwide/rustup-home:ro,Z" "-e" "SOURCE_DIR=/opt/rustwide/workdir" "-e" "CARGO_TARGET_DIR=/opt/rustwide/target" "-e" "CARGO_HOME=/opt/rustwide/cargo-home" "-e" "RUSTUP_HOME=/opt/rustwide/rustup-home" "-w" "/opt/rustwide/workdir" "-m" "1610612736" "--user" "0:0" "--network" "none" "rustops/crates-build-env@sha256:a636fd89d022f18117e1dc8fb37a0a009933cdbbe082814857f0e2024962d47c" "/opt/rustwide/cargo-home/bin/cargo" "+cfbc6d4cf1acbac5c025acf8ed68929caa551df3" "metadata" "--no-deps" "--format-version=1", kill_on_drop: false }`
[INFO] [stdout] a6f9eaf4fa6d1d965c58e113c73034e01a5b88164a9df7f441f2ddde663f1139
[INFO] [stderr] WARNING: Your kernel does not support swap limit capabilities or the cgroup is not mounted. Memory limited without swap.
[INFO] running `Command { std: "docker" "start" "-a" "a6f9eaf4fa6d1d965c58e113c73034e01a5b88164a9df7f441f2ddde663f1139", kill_on_drop: false }`
[INFO] running `Command { std: "docker" "inspect" "a6f9eaf4fa6d1d965c58e113c73034e01a5b88164a9df7f441f2ddde663f1139", kill_on_drop: false }`
[INFO] running `Command { std: "docker" "rm" "-f" "a6f9eaf4fa6d1d965c58e113c73034e01a5b88164a9df7f441f2ddde663f1139", kill_on_drop: false }`
[INFO] [stdout] a6f9eaf4fa6d1d965c58e113c73034e01a5b88164a9df7f441f2ddde663f1139
[INFO] running `Command { std: "docker" "create" "-v" "/var/lib/crater-agent-workspace/builds/worker-8/target:/opt/rustwide/target:rw,Z" "-v" "/var/lib/crater-agent-workspace/builds/worker-8/source:/opt/rustwide/workdir:ro,Z" "-v" "/var/lib/crater-agent-workspace/cargo-home:/opt/rustwide/cargo-home:ro,Z" "-v" "/var/lib/crater-agent-workspace/rustup-home:/opt/rustwide/rustup-home:ro,Z" "-e" "SOURCE_DIR=/opt/rustwide/workdir" "-e" "CARGO_TARGET_DIR=/opt/rustwide/target" "-e" "CARGO_INCREMENTAL=0" "-e" "RUST_BACKTRACE=full" "-e" "RUSTFLAGS=--cap-lints=forbid" "-e" "CARGO_HOME=/opt/rustwide/cargo-home" "-e" "RUSTUP_HOME=/opt/rustwide/rustup-home" "-w" "/opt/rustwide/workdir" "-m" "1610612736" "--user" "0:0" "--network" "none" "rustops/crates-build-env@sha256:a636fd89d022f18117e1dc8fb37a0a009933cdbbe082814857f0e2024962d47c" "/opt/rustwide/cargo-home/bin/cargo" "+cfbc6d4cf1acbac5c025acf8ed68929caa551df3" "check" "--frozen" "--all" "--all-targets" "--message-format=json", kill_on_drop: false }`
[INFO] [stdout] 56de3bc348904a5264cf7b41c166d59389b28f73221c5eb2702e60a994e31cfe
[INFO] [stderr] WARNING: Your kernel does not support swap limit capabilities or the cgroup is not mounted. Memory limited without swap.
[INFO] running `Command { std: "docker" "start" "-a" "56de3bc348904a5264cf7b41c166d59389b28f73221c5eb2702e60a994e31cfe", kill_on_drop: false }`
[INFO] [stderr] warning: dependency (telegram-bot) specified without providing a local path, Git repository, or version to use. This will be considered an error in future versions
[INFO] [stderr] warning: dependency (telegram-bot-raw) specified without providing a local path, Git repository, or version to use. This will be considered an error in future versions
[INFO] [stderr] warning: unused manifest key: profile.release.codegen-utis
[INFO] [stderr]     Blocking waiting for file lock on package cache
[INFO] [stderr]    Compiling libc v0.2.76
[INFO] [stderr]     Checking cfg-if v0.1.10
[INFO] [stderr]    Compiling autocfg v1.0.1
[INFO] [stderr]    Compiling proc-macro2 v1.0.19
[INFO] [stderr]    Compiling unicode-xid v0.2.1
[INFO] [stderr]    Compiling syn v1.0.39
[INFO] [stderr]    Compiling autocfg v0.1.7
[INFO] [stderr]    Compiling log v0.4.11
[INFO] [stderr]    Compiling rand_core v0.4.2
[INFO] [stderr]    Compiling version_check v0.1.5
[INFO] [stderr]    Compiling memchr v2.3.3
[INFO] [stderr]     Checking slab v0.4.2
[INFO] [stderr]     Checking lazy_static v1.4.0
[INFO] [stderr]    Compiling pin-project-internal v0.4.23
[INFO] [stderr]     Checking futures-core v0.3.5
[INFO] [stderr]    Compiling cc v1.0.59
[INFO] [stderr]     Checking pin-utils v0.1.0
[INFO] [stderr]    Compiling pkg-config v0.3.18
[INFO] [stderr]     Checking bytes v0.5.6
[INFO] [stderr]    Compiling proc-macro-nested v0.1.6
[INFO] [stderr]     Checking fnv v1.0.7
[INFO] [stderr]    Compiling siphasher v0.2.3
[INFO] [stderr]     Checking futures-sink v0.3.5
[INFO] [stderr]     Checking itoa v0.4.6
[INFO] [stderr]    Compiling proc-macro-hack v0.5.18
[INFO] [stderr]     Checking once_cell v1.4.1
[INFO] [stderr]    Compiling getrandom v0.1.14
[INFO] [stderr]    Compiling serde_derive v1.0.115
[INFO] [stderr]    Compiling bitflags v1.2.1
[INFO] [stderr]     Checking pin-project-lite v0.1.7
[INFO] [stderr]     Checking futures-io v0.3.5
[INFO] [stderr]     Checking foreign-types-shared v0.1.1
[INFO] [stderr]    Compiling serde v1.0.115
[INFO] [stderr]    Compiling openssl v0.10.30
[INFO] [stderr]    Compiling native-tls v0.2.4
[INFO] [stderr]    Compiling httparse v1.3.4
[INFO] [stderr]    Compiling ryu v1.0.5
[INFO] [stderr]     Checking ppv-lite86 v0.2.9
[INFO] [stderr]     Checking futures-core-preview v0.3.0-alpha.19
[INFO] [stderr]     Checking try-lock v0.2.3
[INFO] [stderr]     Checking openssl-probe v0.1.2
[INFO] [stderr]    Compiling serde_json v1.0.57
[INFO] [stderr]     Checking futures-sink-preview v0.3.0-alpha.19
[INFO] [stderr]     Checking futures-io-preview v0.3.0-alpha.19
[INFO] [stderr]     Checking remove_dir_all v0.5.3
[INFO] [stderr]     Checking tower-service v0.3.0
[INFO] [stderr]     Checking tracing-core v0.1.15
[INFO] [stderr]    Compiling rand_core v0.3.1
[INFO] [stderr]    Compiling rand_jitter v0.1.4
[INFO] [stderr]     Checking futures-channel v0.3.5
[INFO] [stderr]     Checking futures-task v0.3.5
[INFO] [stderr]     Checking foreign-types v0.3.2
[INFO] [stderr]    Compiling unicase v1.4.2
[INFO] [stderr]    Compiling rand_chacha v0.1.1
[INFO] [stderr]    Compiling rand_pcg v0.1.2
[INFO] [stderr]    Compiling rand v0.6.5
[INFO] [stderr]    Compiling hashbrown v0.8.2
[INFO] [stderr]    Compiling indexmap v1.5.1
[INFO] [stderr]    Compiling num-traits v0.2.12
[INFO] [stderr]     Checking http v0.2.1
[INFO] [stderr]     Checking futures-channel-preview v0.3.0-alpha.19
[INFO] [stderr]    Compiling rand_isaac v0.1.1
[INFO] [stderr]    Compiling rand_hc v0.1.0
[INFO] [stderr]    Compiling rand_xorshift v0.1.1
[INFO] [stderr]     Checking log v0.3.9
[INFO] [stderr]     Checking want v0.3.0
[INFO] [stderr]     Checking futures-util-preview v0.3.0-alpha.19
[INFO] [stderr]    Compiling phf_shared v0.7.24
[INFO] [stderr]     Checking mime v0.2.6
[INFO] [stderr]     Checking phf v0.7.24
[INFO] [stderr]    Compiling rand_os v0.1.3
[INFO] [stderr]    Compiling quote v1.0.7
[INFO] [stderr]    Compiling openssl-sys v0.9.58
[INFO] [stderr]     Checking iovec v0.1.4
[INFO] [stderr]     Checking net2 v0.2.34
[INFO] [stderr]     Checking socket2 v0.3.12
[INFO] [stderr]     Checking time v0.1.43
[INFO] [stderr]     Checking num_cpus v1.13.0
[INFO] [stderr]     Checking mio v0.6.22
[INFO] [stderr]     Checking rand_core v0.5.1
[INFO] [stderr]     Checking ordered-float v1.1.0
[INFO] [stderr]     Checking rand_chacha v0.2.2
[INFO] [stderr]     Checking http-body v0.3.1
[INFO] [stderr]     Checking rand v0.7.3
[INFO] [stderr]    Compiling phf_generator v0.7.24
[INFO] [stderr]     Checking tokio v0.2.22
[INFO] [stderr]    Compiling phf_codegen v0.7.24
[INFO] [stderr]    Compiling mime_guess v1.8.8
[INFO] [stderr]     Checking tempfile v3.1.0
[INFO] [stderr]     Checking futures-executor-preview v0.3.0-alpha.19
[INFO] [stderr]     Checking futures-preview v0.3.0-alpha.19
[INFO] [stderr]     Checking multipart v0.16.1
[INFO] [stderr]     Checking tokio-util v0.3.1
[INFO] [stderr]     Checking tokio-tls v0.3.1
[INFO] [stderr]    Compiling futures-macro v0.3.5
[INFO] [stderr]    Compiling tracing-attributes v0.1.11
[INFO] [stderr]     Checking tracing v0.1.19
[INFO] [stderr]     Checking pin-project v0.4.23
[INFO] [stderr]     Checking futures-util v0.3.5
[INFO] [stderr]     Checking tracing-futures v0.2.4
[INFO] [stderr]     Checking h2 v0.2.6
[INFO] [stderr]     Checking futures-executor v0.3.5
[INFO] [stderr]     Checking futures v0.3.5
[INFO] [stderr]     Checking hyper v0.13.7
[INFO] [stderr]     Checking serde-value v0.5.3
[INFO] [stderr]     Checking telegram-bot-raw v0.7.0
[INFO] [stderr]     Checking hyper-tls v0.4.3
[INFO] [stderr]     Checking telegram-bot v0.7.0
[INFO] [stderr]     Checking p1 v0.1.0 (/opt/rustwide/workdir)
[INFO] [stdout] error[E0432]: unresolved import `tokio::timer`
[INFO] [stdout]  --> src/main.rs:7:12
[INFO] [stdout]   |
[INFO] [stdout] 7 | use tokio::timer::delay;
[INFO] [stdout]   |            ^^^^^ could not find `timer` in `tokio`
[INFO] [stdout] 
[INFO] [stdout] 
[INFO] [stdout] error[E0433]: failed to resolve: could not find `main` in `tokio`
[INFO] [stdout]    --> src/main.rs:332:10
[INFO] [stdout]     |
[INFO] [stdout] 332 | #[tokio::main]
[INFO] [stdout]     |          ^^^^ could not find `main` in `tokio`
[INFO] [stdout] 
[INFO] [stdout] 
[INFO] [stdout] error[E0433]: failed to resolve: could not find `timer` in `tokio`
[INFO] [stdout]    --> src/main.rs:311:16
[INFO] [stdout]     |
[INFO] [stdout] 311 |         tokio::timer::delay_for(
[INFO] [stdout]     |                ^^^^^ could not find `timer` in `tokio`
[INFO] [stdout] 
[INFO] [stdout] 
[INFO] [stdout] warning: unused import: `Instant`
[INFO] [stdout]  --> src/main.rs:2:27
[INFO] [stdout]   |
[INFO] [stdout] 2 | use std::time::{Duration, Instant, SystemTime};
[INFO] [stdout]   |                           ^^^^^^^
[INFO] [stdout]   |
[INFO] [stdout]   = note: `#[warn(unused_imports)]` on by default
[INFO] [stdout] 
[INFO] [stdout] 
[INFO] [stdout] error[E0432]: unresolved import `tokio::timer`
[INFO] [stdout]  --> src/main.rs:7:12
[INFO] [stdout]   |
[INFO] [stdout] 7 | use tokio::timer::delay;
[INFO] [stdout]   |            ^^^^^ could not find `timer` in `tokio`
[INFO] [stdout] 
[INFO] [stdout] 
[INFO] [stdout] error[E0433]: failed to resolve: could not find `main` in `tokio`
[INFO] [stdout]    --> src/main.rs:332:10
[INFO] [stdout]     |
[INFO] [stdout] 332 | #[tokio::main]
[INFO] [stdout]     |          ^^^^ could not find `main` in `tokio`
[INFO] [stdout] 
[INFO] [stdout] 
[INFO] [stdout] error[E0433]: failed to resolve: could not find `timer` in `tokio`
[INFO] [stdout]    --> src/main.rs:311:16
[INFO] [stdout]     |
[INFO] [stdout] 311 |         tokio::timer::delay_for(
[INFO] [stdout]     |                ^^^^^ could not find `timer` in `tokio`
[INFO] [stdout] 
[INFO] [stdout] 
[INFO] [stdout] warning: unused import: `Instant`
[INFO] [stdout]  --> src/main.rs:2:27
[INFO] [stdout]   |
[INFO] [stdout] 2 | use std::time::{Duration, Instant, SystemTime};
[INFO] [stdout]   |                           ^^^^^^^
[INFO] [stdout]   |
[INFO] [stdout]   = note: `#[warn(unused_imports)]` on by default
[INFO] [stdout] 
[INFO] [stdout] 
[INFO] [stdout] error[E0308]: mismatched types
[INFO] [stdout]    --> src/main.rs:259:32
[INFO] [stdout]     |
[INFO] [stdout] 259 |             user.messages.push(msg.clone());
[INFO] [stdout]     |                                ^^^^^^^^^^^ expected struct `telegram_bot::Message`, found enum `telegram_bot::MessageOrChannelPost`
[INFO] [stdout] 
[INFO] [stdout] 
[INFO] [stdout] error[E0308]: mismatched types
[INFO] [stdout]    --> src/main.rs:259:32
[INFO] [stdout]     |
[INFO] [stdout] 259 |             user.messages.push(msg.clone());
[INFO] [stdout]     |                                ^^^^^^^^^^^ expected struct `telegram_bot::Message`, found enum `telegram_bot::MessageOrChannelPost`
[INFO] [stdout] 
[INFO] [stdout] 
[INFO] [stdout] error[E0308]: mismatched types
[INFO] [stdout]    --> src/main.rs:292:32
[INFO] [stdout]     |
[INFO] [stdout] 292 |             user.messages.push(msg.clone());
[INFO] [stdout]     |                                ^^^^^^^^^^^ expected struct `telegram_bot::Message`, found enum `telegram_bot::MessageOrChannelPost`
[INFO] [stdout] 
[INFO] [stdout] 
[INFO] [stdout] error[E0308]: mismatched types
[INFO] [stdout]    --> src/main.rs:292:32
[INFO] [stdout]     |
[INFO] [stdout] 292 |             user.messages.push(msg.clone());
[INFO] [stdout]     |                                ^^^^^^^^^^^ expected struct `telegram_bot::Message`, found enum `telegram_bot::MessageOrChannelPost`
[INFO] [stdout] 
[INFO] [stdout] 
[INFO] [stdout] error[E0308]: mismatched types
[INFO] [stdout]    --> src/main.rs:325:32
[INFO] [stdout]     |
[INFO] [stdout] 325 |             user.messages.push(msg.clone());
[INFO] [stdout]     |                                ^^^^^^^^^^^ expected struct `telegram_bot::Message`, found enum `telegram_bot::MessageOrChannelPost`
[INFO] [stdout] 
[INFO] [stdout] 
[INFO] [stdout] error[E0599]: no method named `next` found for struct `telegram_bot::UpdatesStream` in the current scope
[INFO] [stdout]    --> src/main.rs:350:37
[INFO] [stdout]     |
[INFO] [stdout] 350 |     while let Some(update) = stream.next().await {
[INFO] [stdout]     |                                     ^^^^ method not found in `telegram_bot::UpdatesStream`
[INFO] [stdout]     | 
[INFO] [stdout]    ::: /opt/rustwide/cargo-home/registry/src/github.com-1ecc6299db9ec823/telegram-bot-0.7.0/src/stream.rs:23:1
[INFO] [stdout]     |
[INFO] [stdout] 23  | pub struct UpdatesStream {
[INFO] [stdout]     | ------------------------
[INFO] [stdout]     | |
[INFO] [stdout]     | doesn't satisfy `telegram_bot::UpdatesStream: futures::StreamExt`
[INFO] [stdout]     | doesn't satisfy `telegram_bot::UpdatesStream: futures::Stream`
[INFO] [stdout]     |
[INFO] [stdout]     = note: the method `next` exists but the following trait bounds were not satisfied:
[INFO] [stdout]             `telegram_bot::UpdatesStream: futures::Stream`
[INFO] [stdout]             which is required by `telegram_bot::UpdatesStream: futures::StreamExt`
[INFO] [stdout]     = help: items from traits can only be used if the trait is in scope
[INFO] [stdout] help: the following traits are implemented but not in scope; perhaps add a `use` for one of them:
[INFO] [stdout]     |
[INFO] [stdout] 1   | use std::iter::Iterator;
[INFO] [stdout]     |
[INFO] [stdout] 1   | use std::str::pattern::Searcher;
[INFO] [stdout]     |
[INFO] [stdout] 1   | use futures::StreamExt;
[INFO] [stdout]     |
[INFO] [stdout] 1   | use futures_util::stream::stream::StreamExt;
[INFO] [stdout]     |
[INFO] [stdout]       and 2 other candidates
[INFO] [stdout] 
[INFO] [stdout] 
[INFO] [stdout] error[E0277]: `main` has invalid return type `impl futures::Future`
[INFO] [stdout]    --> src/main.rs:333:20
[INFO] [stdout]     |
[INFO] [stdout] 333 | async fn main() -> Result<(), Error> {
[INFO] [stdout]     |                    ^^^^^^^^^^^^^^^^^ `main` can only return types that implement `std::process::Termination`
[INFO] [stdout]     |
[INFO] [stdout]     = help: consider using `()`, or a `Result`
[INFO] [stdout] 
[INFO] [stdout] 
[INFO] [stdout] warning: unused import: `futures::StreamExt`
[INFO] [stdout]  --> src/main.rs:4:5
[INFO] [stdout]   |
[INFO] [stdout] 4 | use futures::StreamExt;
[INFO] [stdout]   |     ^^^^^^^^^^^^^^^^^^
[INFO] [stdout] 
[INFO] [stdout] 
[INFO] [stdout] error[E0752]: `main` function is not allowed to be `async`
[INFO] [stdout]    --> src/main.rs:333:1
[INFO] [stdout]     |
[INFO] [stdout] 333 | async fn main() -> Result<(), Error> {
[INFO] [stdout]     | ^^^^^^^^^^^^^^^^^^^^^^^^^^^^^^^^^^^^ `main` function is not allowed to be `async`
[INFO] [stdout] 
[INFO] [stdout] 
[INFO] [stdout] error: aborting due to 9 previous errors; 2 warnings emitted
[INFO] [stdout] 
[INFO] [stdout] 
[INFO] [stdout] Some errors have detailed explanations: E0277, E0308, E0432, E0433, E0599, E0752.
[INFO] [stdout] 
[INFO] [stdout] For more information about an error, try `rustc --explain E0277`.
[INFO] [stdout] 
[INFO] [stderr] error: could not compile `p1`.
[INFO] [stderr] 
[INFO] [stderr] To learn more, run the command again with --verbose.
[INFO] [stderr] warning: build failed, waiting for other jobs to finish...
[INFO] [stdout] error[E0308]: mismatched types
[INFO] [stdout]    --> src/main.rs:325:32
[INFO] [stdout]     |
[INFO] [stdout] 325 |             user.messages.push(msg.clone());
[INFO] [stdout]     |                                ^^^^^^^^^^^ expected struct `telegram_bot::Message`, found enum `telegram_bot::MessageOrChannelPost`
[INFO] [stdout] 
[INFO] [stdout] 
[INFO] [stdout] error[E0599]: no method named `next` found for struct `telegram_bot::UpdatesStream` in the current scope
[INFO] [stdout]    --> src/main.rs:350:37
[INFO] [stdout]     |
[INFO] [stdout] 350 |     while let Some(update) = stream.next().await {
[INFO] [stdout]     |                                     ^^^^ method not found in `telegram_bot::UpdatesStream`
[INFO] [stdout]     | 
[INFO] [stdout]    ::: /opt/rustwide/cargo-home/registry/src/github.com-1ecc6299db9ec823/telegram-bot-0.7.0/src/stream.rs:23:1
[INFO] [stdout]     |
[INFO] [stdout] 23  | pub struct UpdatesStream {
[INFO] [stdout]     | ------------------------
[INFO] [stdout]     | |
[INFO] [stdout]     | doesn't satisfy `telegram_bot::UpdatesStream: futures::StreamExt`
[INFO] [stdout]     | doesn't satisfy `telegram_bot::UpdatesStream: futures::Stream`
[INFO] [stdout]     |
[INFO] [stdout]     = note: the method `next` exists but the following trait bounds were not satisfied:
[INFO] [stdout]             `telegram_bot::UpdatesStream: futures::Stream`
[INFO] [stdout]             which is required by `telegram_bot::UpdatesStream: futures::StreamExt`
[INFO] [stdout]     = help: items from traits can only be used if the trait is in scope
[INFO] [stdout] help: the following traits are implemented but not in scope; perhaps add a `use` for one of them:
[INFO] [stdout]     |
[INFO] [stdout] 1   | use std::iter::Iterator;
[INFO] [stdout]     |
[INFO] [stdout] 1   | use std::str::pattern::Searcher;
[INFO] [stdout]     |
[INFO] [stdout] 1   | use futures::StreamExt;
[INFO] [stdout]     |
[INFO] [stdout] 1   | use futures_util::stream::stream::StreamExt;
[INFO] [stdout]     |
[INFO] [stdout]       and 2 other candidates
[INFO] [stdout] 
[INFO] [stdout] 
[INFO] [stdout] warning: unused import: `futures::StreamExt`
[INFO] [stdout]  --> src/main.rs:4:5
[INFO] [stdout]   |
[INFO] [stdout] 4 | use futures::StreamExt;
[INFO] [stdout]   |     ^^^^^^^^^^^^^^^^^^
[INFO] [stdout] 
[INFO] [stdout] 
[INFO] [stdout] error: aborting due to 7 previous errors; 2 warnings emitted
[INFO] [stdout] 
[INFO] [stdout] 
[INFO] [stdout] Some errors have detailed explanations: E0308, E0432, E0433, E0599.
[INFO] [stdout] 
[INFO] [stdout] For more information about an error, try `rustc --explain E0308`.
[INFO] [stdout] 
[INFO] [stderr] error: build failed
[INFO] running `Command { std: "docker" "inspect" "56de3bc348904a5264cf7b41c166d59389b28f73221c5eb2702e60a994e31cfe", kill_on_drop: false }`
[INFO] running `Command { std: "docker" "rm" "-f" "56de3bc348904a5264cf7b41c166d59389b28f73221c5eb2702e60a994e31cfe", kill_on_drop: false }`
[INFO] [stdout] 56de3bc348904a5264cf7b41c166d59389b28f73221c5eb2702e60a994e31cfe
